he hundreds digit of m?
4
Let j(z) = 4*z**2 + 4*z - 1. Let r be j(3). Suppose x = 15 + r. What is the units digit of x?
2
What is the hundreds digit of 6/4 - (2045/(-10) + 7)?
1
Let i(f) = -f**3 + 5*f**2 - 2*f + 2. Let w be i(4). Suppose 0 = 2*x - 4*k - 3 - 9, 4*x = 2*k + 12. Suppose -3*j + w = x*j. What is the units digit of j?
2
Let g(w) = 7*w**3 + w**2 - 2*w + 1. Let o be g(1). Suppose 3*k = o*k - 240. What is the units digit of k?
0
Suppose 8*j = 4*j - 4. What is the tens digit of 143 + j - (-9)/(54/24)?
4
Suppose -5*u - 3720 = -8*u - 5*f, u - 4*f = 1240. What is the hundreds digit of u?
2
Suppose 0 = -4*x + 8*x + 4, 5553 = 4*u - 5*x. What is the hundreds digit of u?
3
Suppose -6*b = -b - 330. Let t(h) = 2*h + 1. Let q be t(19). Let s = b - q. What is the tens digit of s?
2
What is the units digit of (-4487)/(-28) - 10/8?
9
Suppose 5*s = 3*g - 0*g + 78, -2*s - g + 29 = 0. Let j be 6/s - (-1314)/(-10). Let m = j + 184. What is the tens digit of m?
5
Suppose -11*o + 252 = -5*o. Suppose -4*t + 4*v + 96 = 0, -2*t - 4*v = -0*t - o. What is the units digit of t?
3
Suppose -2*x + 6*x + 532 = 0. What is the units digit of (-1828)/(-38) + 14/x?
8
Let s = 46 + -40. What is the units digit of 936/27 + 2/s?
5
Suppose -7*h - m = -2*h - 80, m - 5 = 0. Suppose 13*f = h*f - 4. What is the units digit of f?
2
Suppose 578 = -7*q + 2069. What is the tens digit of q?
1
Let j = 754 - 224. What is the units digit of j?
0
Suppose 0 = -3*q - 21 - 39. Let l = q - -17. Let u(x) = 2*x**2 - x + 8. What is the tens digit of u(l)?
2
What is the hundreds digit of (-525)/14*-40*2/6?
5
Let x(s) = -3*s**2 + 3*s**2 + s**2 + 3*s - 1 + 9. What is the tens digit of x(-10)?
7
What is the tens digit of 948 + (2 - 5 - -4)/1?
4
Let n(g) = -6*g**2 - 8*g - 11 + g + 7*g**2. What is the tens digit of n(11)?
3
What is the hundreds digit of (-22)/(-110) - (-1)/((-5)/(-2539))?
5
Suppose -2*r + 3*y + 4102 = 0, y - 10651 = -4*r - 2419. What is the hundreds digit of r?
0
Let q be -9 + 6/2 + 0. Let r be ((-44)/6)/(6/27). Let a = q - r. What is the units digit of a?
7
Let w be -18*(0 + -1) - -1. Suppose 0 = 3*b - 4*i - w, -2*b + i = 3*i - 8. Suppose b*s - 4*z = -2*z + 197, 0 = -4*s + 2*z + 156. What is the tens digit of s?
4
Let l(a) = -21*a + 22*a + 14 + 0. What is the units digit of l(7)?
1
Let k be (7/(-21))/((-2)/12). Let f(r) = -39*r**2 + 0*r + 64*r**k - r. What is the tens digit of f(1)?
2
Suppose 3*c + c + 16 = 0. Let z = c - -9. Suppose -z*i - 4*x + 129 = -38, 0 = 3*i - x - 90. What is the units digit of i?
1
Let r(g) = -g**2 + 8*g - 1. Let b be r(9). Let h be -4*b/8*1. Let u = h + 25. What is the tens digit of u?
3
Suppose -2*l + 7 = -r, 0*l + l - 5 = r. Suppose -w + 68 = 4*d, l*w - 9 = d - 35. What is the units digit of d?
8
Let d(l) = 329*l**2 - l + 3. Let b be d(1). Suppose 330*j = b*j - 232. What is the units digit of j?
2
Let k = -2633 - -2864. What is the tens digit of k?
3
Let p = 96 + -21. Suppose 0 = -2*f - 6*o + 7*o + p, 5*f = o + 180. What is the units digit of f?
5
Suppose 0 + 6 = 2*r, 0 = f - 2*r + 2. Suppose 0 = -3*q - 0*u - 2*u + 15, f*q - 20 = -u. Let c = q + 17. What is the tens digit of c?
2
Suppose w - 2 = 0, i + i - 5*w = 172. Let d = i - -18. Suppose 4*t = d + 23. What is the units digit of t?
3
Suppose -3*u - 148*z + 5342 = -147*z, -5326 = -3*u - 5*z. What is the tens digit of u?
8
Suppose -6*l + h = -2*l - 2371, -4*l - 3*h + 2359 = 0. What is the hundreds digit of l?
5
Let n(v) = -v**3 + 18*v**2 - 6. Let y be n(18). Let z(m) = 3*m**2 + 5*m - 8. Let i be z(y). Suppose 6*j = 14 + i. What is the units digit of j?
4
Suppose 3*p = 3*c + 1272, 4*p - p + c = 1264. What is the tens digit of p?
2
Let d(v) = 54*v**2 + 10*v + 45. What is the tens digit of d(-4)?
6
Let j = 2359 + -728. What is the hundreds digit of j?
6
Let r = -1432 + 2748. What is the tens digit of r?
1
Let v = 80 + -58. Suppose i - v - 305 = -2*c, 5*i = 4*c + 1635. What is the units digit of i?
7
Let x(l) = 2*l - 8. Suppose -5*z + 4*g = 20, 3*z + z + 2*g - 10 = 0. Let j be x(z). Let q(n) = -7*n + 5. What is the tens digit of q(j)?
6
Let u(w) = 5*w - 3. Let x be u(3). Suppose 0 = -6*a + 2*a - x. What is the units digit of (-90)/a - 2 - 1?
7
Let t(x) be the first derivative of -x**5/40 + x**4/6 - x**3/3 - 5. Let d(q) be the third derivative of t(q). What is the tens digit of d(-7)?
2
Let n(o) = -2*o. Let y be n(0). Suppose y = -9*w + 2*w + 35. Suppose -w*d - 27 = -6*d. What is the units digit of d?
7
Let d = -19 - -22. Suppose -87 = -d*t + 321. Suppose -u + 5*u = t. What is the units digit of u?
4
Let a = -33 + 38. Suppose 0 = 2*x + 3*s - 38, a*x + s - 6*s = 95. What is the tens digit of x?
1
Suppose -5*y + y = -f - 141, 4*f = -5*y + 171. What is the units digit of ((-2682)/28 + 10/y)*-2?
1
Let z = -1570 - -2285. What is the hundreds digit of z?
7
Let c(r) be the third derivative of r**5/60 + 13*r**3/6 + 41*r**2. What is the units digit of c(9)?
4
Let c = 28 + -34. What is the units digit of (4/(-5))/(c/450)?
0
Suppose 0 = 2*c + 2*c - 52. Let w = -108 - -155. Suppose -3*d = -c - w. What is the units digit of d?
0
Let s(f) be the third derivative of f**5/60 + f**4/12 + f**3/6 + 3*f**2. Suppose -2*r - 2*r - 4*p - 20 = 0, 25 = -5*r - 4*p. What is the tens digit of s(r)?
1
Let n(w) = 3*w**2 + 7*w - 9. Suppose -3*s = -8*s + 20. What is the units digit of n(s)?
7
Suppose -4*h + 19 = 143. Let p = h - -33. What is the units digit of p?
2
Suppose 29*w - 21*w = 7416. What is the hundreds digit of w?
9
Suppose 0 = 4*q - 0*q - 20. Let y(r) = r**3 - 4*r**2 - 3*r + 1. Let n be y(q). Suppose -2*c = c - 15, c - n = -k. What is the units digit of k?
6
Let j be (-1 - 117)/((-21)/168). Suppose -10*n + 6*n + j = 0. What is the units digit of n?
6
Suppose -6*g - 124 - 116 = 0. Let k be (-452)/(-5) - (-16)/g. Let l = k + -51. What is the units digit of l?
9
What is the hundreds digit of 7/((-84)/(-7600)) + (-1)/3?
6
Let p(a) = -a**3 + 6*a**2 + 5*a + 16. Let r(o) = 4*o**3 - 18*o**2 - 14*o - 49. Let d(z) = 7*p(z) + 2*r(z). What is the units digit of d(-4)?
8
Let s(y) = 9*y**2 - 29*y - 25. Let u(w) = 3*w**2 + 2*w**2 + w**2 - 2*w**2 - 14*w - 12. Let k(q) = 6*s(q) - 13*u(q). What is the tens digit of k(-5)?
1
Let n(x) = x**3 + 4*x**2 + 3*x - 2. Let r be n(-3). Let p be (1 - -2) + (-3 - r). Suppose -42 = -4*m + p*o, -3*m + 2*o = -3*o - 21. What is the tens digit of m?
1
Let n be (64/40)/(1/(-5)). Let h(x) = -x - 5. Let a be h(n). Suppose 44 = a*z - 4*m, -4*z + 8 + 4 = 4*m. What is the units digit of z?
8
Let h(v) be the third derivative of 53*v**5/30 + 5*v**3/6 + 3*v**2. Let y be h(5). What is the tens digit of y/81 + (-4)/(-18)?
3
Let f(i) = 22*i**3 + 9*i**2 + i + 19. What is the thousands digit of f(6)?
5
Suppose 2*u + 17 = 5*a - 2, 2*u - 2*a + 4 = 0. Let g(t) = -8*t**u + t + 8*t**3 - 2*t**2 - 4*t**3 + 2. What is the units digit of g(-1)?
3
Suppose -i + 361 = -5*f - 101, -2*i + f + 915 = 0. What is the tens digit of i?
5
Let a = -1589 + 1921. What is the tens digit of a?
3
Suppose -3*i + 1452 = 3*i. What is the tens digit of i?
4
Let s = -54 + 84. Suppose -s - 191 = -13*z. What is the units digit of z?
7
Suppose 1188*l - 1181*l - 4662 = 0. What is the tens digit of l?
6
Suppose 0 = 2*o - 0*o - 4, -o = s - 9. Let w = -7 + s. Suppose 2 = -w*f + f. What is the units digit of f?
2
Let q = 2911 - 2077. What is the hundreds digit of q?
8
Let z(q) = 44*q + 39 + 42*q - 85*q. What is the units digit of z(-7)?
2
Let x = 25 + 156. What is the hundreds digit of x?
1
Suppose 4*i + 3*l - 23 = 0, 0*i = i - 3*l + 13. Suppose 0 = -5*j - 5*s + 15, 5*j - s = -1 - i. Suppose -2*h = -8 - j. What is the units digit of h?
4
Let n(c) = c + 19. Let a be n(-16). Suppose a*l = l. Suppose -s - 3*r + 17 = l, -2*s = 2*s + r - 35. What is the units digit of s?
8
Suppose -5*d + 2900 = -3*i - 2*i, -2882 = -5*d - 4*i. What is the units digit of d?
8
Suppose 5*f - 10131 = -1056. What is the tens digit of f?
1
Let f = 12 - 10. Suppose o + 6 = t + f*t, 5*o - 12 = t. Let v(d) = 8*d - 2. What is the units digit of v(t)?
2
Let c(n) be the first derivative of -5/2*n**2 + 3 - 4*n. What is the units digit of c(-5)?
1
Let c(o) = o + 20. Let v be c(-17). What is the tens digit of ((-1)/v)/(11/(-495))?
1
Suppose 4*d = -4, 4*w + 5*d = -w + 200. Let c = w - -165. What is t